(v). What is i(11)?
2
Let c(u) = 19*u - 58*u**3 - 43 + 12*u**2 + 57*u**3 + 24 - 6*u**2. Calculate c(8).
5
Let g = -3 - 0. Let u(r) = r + 1. Let c(l) = -3*l. Let o(y) = -c(y) - u(y). Calculate o(g).
-7
Let y(x) = 3*x - 51. Let o = 7052 + -7041. Determine y(o).
-18
Let v(t) = t. Let d(u) = -u**2 + 2*u + 3. Let s(a) = -d(a) + 5*v(a). Suppose 0 = -184*o - 47*o - 1155. Calculate s(o).
7
Let r(x) = x**2 - x - 43. Let c = 2698 + -2691. Calculate r(c).
-1
Let s(z) = -z**2 - 126*z - 123. Let b be s(-125). Let t(c) be the first derivative of c**3 - 29 + 0*c + 1/2*c**b - 1/4*c**4. Determine t(-2).
18
Let k(j) = -3*j**3 + 7*j**2 + 5*j + 2. Let n = -8248 - -8251. Give k(n).
-1
Let a(u) = -41*u**2 + 10*u - 10. Let x(j) = -62*j**2 + 9*j - 10. Let v(d) = -3*a(d) + 2*x(d). Give v(-19).
-123
Let a be 3*(5/24 - (-5)/40). Let n(g) = 11*g**2 - 7*g**2 + a + 0*g - g + 25*g**2. Determine n(1).
29
Let m(s) = 2*s + 11. Suppose 0 = -9*d + 5*d - 16. Let a be m(d). Let t(g) = -2*g**2 + 0*g**3 + 2*g**3 - 4*g**a - 3*g + 2 + 3*g**3. Calculate t(3).
2
Let w(d) be the first derivative of -9*d**2 - 17*d + 76. What is w(-1)?
1
Let d(n) = -n**2 + n**2 - 5*n - n**2 - 2 - 5*n**2 - n**3. Let v = -25 + 19. Let u(l) = -l - 11. Let y be u(v). Determine d(y).
-2
Let q(o) be the third derivative of o**5/60 + 19*o**4/24 + 83*o**3/6 + 3*o**2 - 3*o - 61. What is q(-7)?
-1
Let o(z) be the first derivative of z**4/4 - 5*z**3/3 - 5*z**2/2 + z + 408. Suppose 2 = -2*n - 0*n, n = -5*u + 29. Give o(u).
7
Let m(q) = -4*q - 7. Let i(n) = -2*n**2 - 142*n - 2479. Let d be i(-31). What is m(d)?
-11
Let o(g) = 7*g + 36. Let j(u) = -26*u - 858. Let q be j(-33). Calculate o(q).
36
Suppose 0 = -5*x - 0*x - 25. Let h(y) = -2. Let i(m) = -m + 11. Let f(t) = 30*h(t) + 5*i(t). Determine f(x).
20
Suppose 3*v + 178 = 3*f - 89, f = -5*v + 59. Suppose f*p = 99*p. Let o(z) = -3*z + 11. Calculate o(p).
11
Let l be 1/9 - 6/54. Suppose l = 20*k - 18*k + 10. Let w(g) = -g**3 - 5*g**2 + 5*g + 6. Calculate w(k).
-19
Suppose 5*l - 5*o + 50 = 0, -2*l + 10 = 5*o - 5. Let c(a) = -2*a - 16. Let z(p) = 6*p + 48. Let u(i) = l*z(i) - 16*c(i). Determine u(-9).
-2
Let w(d) = 21*d - 477. Let o be w(23). Let u(h) = -h**3 + 7*h**2 - 3*h - 12. Determine u(o).
6
Let r(j) = -5*j + 4 + 6*j - 30 + 17 + 0*j. Determine r(4).
-5
Let y = -49 + -64. Let h = 114 + y. Let q(a) = 4*a**3 - 2*a + 1. Determine q(h).
3
Suppose 1 = 5*k + y, 3 = 4*k + 2*y + 7. Let w(i) = 1 + 0 - 7*i + 4*i + i - 7*i**3. What is w(k)?
-8
Let u(q) = -1944 + 2*q + 0*q + 1976. Determine u(9).
50
Suppose 0 = 2*q + q - 9, -3*q = -3*j + 165. Suppose -4*r = -5*s - 24, -16 = 61*s - j*s - 2*r. Let t(f) = -f**3 - 8*f**2 + 3*f + 26. Determine t(s).
2
Let c(i) be the third derivative of 0 + 0*i + 1/6*i**3 - 1/3*i**4 + 187*i**2. Determine c(-1).
9
Suppose 0 = 33*p - 30*p - 30. Let q(b) = -b**2 + 5328*b - 10672*b - p + 5334*b. Calculate q(-8).
6
Suppose -2*t + 17*y - 35 = 22*y, -41 = 3*t - 4*y. Let z(f) = f**2 + 20*f + 13. Give z(t).
-62
Let i(c) = -38*c**2 - 338*c + 40. Let f be i(-9). Let b(m) be the third derivative of -1/6*m**3 + 17*m**2 + 1/12*m**f + 0 - 1/30*m**5 + 0*m. Calculate b(1).
-1
Let f(x) = -12*x**2 + 6*x - 59. Let s(p) = -2*p**2 + p - 9. Let j(a) = -2*f(a) + 13*s(a). Suppose y + 2 = -z, 0 = 2*y - 0*y + 3*z + 4. Determine j(y).
-9
Let s(b) = 200*b - 29. Let h(l) = 233*l - 28. Let p(k) = 6*h(k) - 7*s(k). Determine p(6).
23
Let q = -683 + 109. Let x = q + 571. Let t(o) be the second derivative of o**4/12 - 2*o**2 - o. Give t(x).
5
Let z(m) = -4*m + 8. Let v be (2 - 13) + -14 + 15. Let x(i) = i**3 + 9*i**2 - 9*i + 16. Let q be x(v). What is z(q)?
-16
Let w(i) be the second derivative of -i**3/3 + 5*i**2/2 - 18*i. Let j be 0/2*25/(-75) - -4. Calculate w(j).
-3
Let l(g) = 5*g. Let t(u) = -1. Let r(b) = 8*b + 2. Let f(m) = r(m) + 3*t(m). Let n(j) = -3*f(j) + 5*l(j). Determine n(-3).
0
Let x(u) = -u - 25. Let p(n) = -6*n**2 + 146*n - 406. Let b be p(21). What is x(b)?
-39
Let z(b) be the second derivative of b**3/3 - b**2/2 - b. Let y be ((-237)/1343)/((-1)/17). Calculate z(y).
5
Let o(m) = 3*m + 1. Suppose 6 = -19*j + 17*j. Let g(q) = -12*q - 9. Let x(d) = j*o(d) - g(d). Give x(-4).
-6
Suppose 188 = -42*n - 5*n. Let f(a) = -2*a**2 + 3*a - 5. Determine f(n).
-49
Let h(r) = -r + 1. Let g be h(6). Let y(c) be the first derivative of -3 + 1/2*c**2 - 4*c. What is y(g)?
-9
Let m(i) = i**3 - 7*i**2 - 3*i + 10. Suppose -5*g - 8 = -3, 0 = 4*s + 5*g - 499. Let z = s + -119. Give m(z).
-11
Let n(h) be the first derivative of -h**2/2 - 2*h + 1. Suppose 49*t - 145*t + 792 = 25*t + 275*t. Calculate n(t).
-4
Let h(o) = o**2 + 9*o + 35. Suppose 0 = -2*r - 3*v + 6, r - 4 = 4*v - 34. Determine h(r).
17
Let c(t) be the third derivative of -t**5/60 - 13*t**4/24 - 14*t**3/3 - 1378*t**2. Determine c(-12).
-16
Suppose -192*x + 222 + 354 = 0. Let z(l) = -l + 2. Let q be z(-5). Let w(j) = 0*j + 5*j - q*j + x*j. Give w(3).
3
Suppose 2*y - 17 + 45 = -4*p, 4*y = 5*p - 4. Let r(i) be the second derivative of i**3/2 + 9*i**2/2 - 13*i. Calculate r(y).
-9
Let m(b) = 4195*b**3 + 29 + 4223*b**3 - 14*b**2 - 2*b - 8417*b**3. Calculate m(14).
1
Let r(z) = z**3 + 3*z**2 - 4*z + 3. Let w = 202 - 360. Let y = w - -154. Calculate r(y).
3
Let u(h) = -3*h**2 - 2*h + 2. Let b be u(-2). Let i(o) = 9*o + 10. Let l(k) = 2*k - 1. Suppose 9*w + 751 = 742. Let a(r) = w*i(r) + 4*l(r). Give a(b).
-8
Let l(x) = -16*x**3 + x**2 + 2*x + 1. Let i be 1 - 0 - 2 - 0. Suppose -22 = 49*d - 27*d. Let v be (-11 + 13)/(i + d). Give l(v).
16
Let b(n) = n**2 - 22*n + 65. Suppose -113*z + 227*z = 121*z - 42. What is b(z)?
-31
Let k = -11 + 7. Let b be (-1)/(1/(-7)) - 5. Let r(m) = -5 + 2*m - 570*m**2 + 283*m**b + 288*m**2. Give r(k).
3
Let l(k) = 16*k**3 - 17*k**3 + 15*k**3 + 0*k - 1 - 3*k**3 + k - 2*k. Suppose 0*z = 5*z + 5. Determine l(z).
-11
Let n(o) be the first derivative of -o**2/2 - 2*o - 213. Let l = -71 + 69. What is n(l)?
0
Let q = -2804 - -2803. Let y(k) = -15*k**2 - 2*k - 2. Give y(q).
-15
Let z(u) = 107*u**3 + u. Let s be z(1). Let o(i) = s*i - 216*i + 106*i. Determine o(3).
-6
Let q(l) = -2*l + 20. Suppose 6*m + 26 = 116. Suppose 0 = -34*b + m*b. Calculate q(b).
20
Let o(y) = -4*y**2 - 42*y + 17. Suppose -22*k + 85 = 327. What is o(k)?
-5
Suppose -d + 2*d - 5 = 4*a, 4*d - 20 = 2*a. Suppose -8*x - 16 + 48 = a. Let f(h) = -h**3 + 4*h**2 + h - 4. Give f(x).
0
Let q(l) be the second derivative of -l**6/120 - 7*l**5/60 - l**4/24 + l**3/3 - 247*l**2/2 - 2*l - 87. Let n(b) be the first derivative of q(b). Give n(-7).
9
Let m be 2/20 + 7473/470. Suppose m = 75*b - 71*b. Let u(t) = t**2 - 4*t + 6. Calculate u(b).
6
Let b(z) = 584*z + 537*z + 16*z**2 - 1099*z. What is b(-2)?
20
Suppose -2*c = 8, -j = j + c - 14. Let x(h) = -4*h**3 - 3*h**2 + 68*h - 18. Let s(l) = -5*l**3 - 2*l**2 + 83*l - 19. Let p(v) = -5*s(v) + 6*x(v). What is p(j)?
5
Suppose -28*z - 957 = z. Let s(w) = -w**2 - 39*w - 184. Let r be s(z). Let b(x) = -x**2 + 14*x - 20. What is b(r)?
-20
Let n(k) = -645 + 754 - 9*k + 0*k. Let z be n(13). Let j(f) = f**2 + 9*f - 2. Calculate j(z).
-10
Let z(u) = -u**2 + 6*u - 2. Let s = -1130 - 478. Let q be s/(-192) - (6/16 + 0). Give z(q).
-18
Let q(r) be the second derivative of 1/6*r**3 + 3/2*r**2 + 0 + 4*r. Let b be 3 - 207/(-63) - 4/14. Give q(b).
9
Suppose 5*j - 9*j + 276 = 0. Let r(f) = -64 - j + 132 - 6*f. Give r(-5).
29
Suppose -n = 4*n + 10. Let a be n + 0 + 3 - -3. Let q(s) be the third derivative of -s**5/60 + s**4/6 - s**3/2 - 3*s**2. Determine q(a).
-3
Let g(i) = -i**3 - 5*i**2 + 6*i - 5. Let y be g(-6). Suppose 0 = 6*o - 0 - 6. Let u(j) = 10*j - 6*j**2 + 7*j**2 - 4*j + 2*j + o. Give u(y).
-14
Let x(u) = u**3 + 3*u**2 - 51*u + 21. Let w = 6355 + -6364. Calculate x(w).
-6
Let p = -575 + 577. Let c(n) = 10*n**2 + 0*n - 9*n**p + n - 3 - n**3 + n**2 + 3*n. Calculate c(3).
0
Let u(j) = j - 2. Suppose -276 = 843*z - 705*z. Determine u(z).
-4
Let z(v) = v**3 - 14*v**2 + 2*v + 15. Suppose 4*r - 4*h - 62 + 10 = 0, -2*r = -3*h - 25. What is z(r)?
43
Suppose -4*l + l - 5*p - 195 = 0, -5*l - 5*p = 315. Let n be -3*(3 + l/18). Let k(s) = -19*s. Calculate k(n).
-19
Suppose 0 = 7*v - 9 + 9. Suppose q = 4*x + 24, v = -q + 5*q + 16. Let s(c) = -c**2 - 6*c - 10. What is s(x)?
-17
Let m(s) = 2*s**3 - 22*s**2 + 6. Let p(l) = 23*l - 35. Le